illions digit of 1457339195?
1
What is the ten thousands digit of 4432124?
3
What is the ten millions digit of 45534373?
4
What is the hundred thousands digit of 1363848768?
8
What is the hundred thousands digit of 51973492?
9
What is the ten thousands digit of 37751279?
5
What is the units digit of 8119044?
4
What is the thousands digit of 521874029?
4
What is the millions digit of 2210650342?
0
What is the thousands digit of 156579936?
9
What is the ten millions digit of 3389259027?
8
What is the ten thousands digit of 4234227?
3
What is the ten millions digit of 1252429136?
5
What is the millions digit of 105348228?
5
What is the ten millions digit of 1540025653?
4
What is the hundreds digit of 56311908?
9
What is the billions digit of 1986979586?
1
What is the hundred millions digit of 966321258?
9
What is the thousands digit of 1319781267?
1
What is the units digit of 1811131087?
7
What is the millions digit of 39162683?
9
What is the hundreds digit of 170378922?
9
What is the hundred thousands digit of 794480079?
4
What is the units digit of 1902335316?
6
What is the ten millions digit of 94318589?
9
What is the hundred thousands digit of 374801336?
8
What is the ten millions digit of 847836013?
4
What is the tens digit of 51077533?
3
What is the units digit of 7382487?
7
What is the thousands digit of 929851884?
1
What is the ten thousands digit of 159602510?
0
What is the billions digit of 1670240619?
1
What is the tens digit of 2626070024?
2
What is the ten thousands digit of 601662873?
6
What is the thousands digit of 191633490?
3
What is the units digit of 251357880?
0
What is the millions digit of 20546973?
0
What is the units digit of 89495649?
9
What is the ten millions digit of 94121210?
9
What is the ten millions digit of 146223224?
4
What is the thousands digit of 8404815895?
5
What is the ten millions digit of 738068698?
3
What is the thousands digit of 3242404961?
4
What is the ten millions digit of 368517471?
6
What is the thousands digit of 57726913?
6
What is the billions digit of 1422429635?
1
What is the hundred thousands digit of 333113790?
1
What is the ten thousands digit of 2102494637?
9
What is the hundred thousands digit of 18528347?
5
What is the tens digit of 76459377?
7
What is the hundred millions digit of 263974077?
2
What is the millions digit of 42430064?
2
What is the ten thousands digit of 355522540?
2
What is the hundred thousands digit of 6113472?
1
What is the hundred thousands digit of 48335938?
3
What is the billions digit of 4901684339?
4
What is the units digit of 2920543045?
5
What is the ten thousands digit of 56883695?
8
What is the units digit of 174854468?
8
What is the thousands digit of 934611313?
1
What is the thousands digit of 1955307455?
7
What is the units digit of 155673795?
5
What is the tens digit of 30994284?
8
What is the hundred thousands digit of 220336690?
3
What is the thousands digit of 436542621?
2
What is the ten thousands digit of 628845920?
4
What is the hundred millions digit of 112522350?
1
What is the millions digit of 102868937?
2
What is the ten millions digit of 110520442?
1
What is the hundred millions digit of 559771619?
5
What is the ten millions digit of 40945275?
4
What is the tens digit of 2055258000?
0
What is the billions digit of 5499568086?
5
What is the millions digit of 3052587?
3
What is the hundreds digit of 1744014780?
7
What is the units digit of 139568249?
9
What is the ten millions digit of 11489895?
1
What is the millions digit of 162944823?
2
What is the units digit of 63903322?
2
What is the thousands digit of 67687435?
7
What is the tens digit of 155024796?
9
What is the millions digit of 260614803?
0
What is the hundred thousands digit of 285299099?
2
What is the tens digit of 339734383?
8
What is the thousands digit of 1330828140?
8
What is the ten thousands digit of 309277168?
7
What is the tens digit of 10014754?
5
What is the hundreds digit of 6043109661?
6
What is the hundreds digit of 3162917637?
6
What is the millions digit of 23380872?
3
What is the ten millions digit of 8230320318?
3
What is the thousands digit of 2510360135?
0
What is the units digit of 118600529?
9
What is the ten millions digit of 5556327204?
5
What is the hundreds digit of 1392373883?
8
What is the hundred thousands digit of 94836162?
8
What is the ten millions digit of 1846969399?
4
What is the hundreds digit of 47806931?
9
What is the millions digit of 8239666?
8
What is the hundred thousands digit of 71481293?
4
What is the hundred thousands digit of 38952853?
9
What is the hundreds digit of 1281211672?
6
What is the ten millions digit of 410117341?
1
What is the thousands digit of 82756334?
6
What is the thousands digit of 28532074?
2
What is the billions digit of 3168010353?
3
What is the ten thousands digit of 4783639240?
3
What is the hundred thousands digit of 49605536?
6
What is the ten thousands digit of 2722324417?
2
What is the hundreds digit of 464886296?
2
What is the hundred thousands digit of 12370236?
3
What is the hundred thousands digit of 884836551?
8
What is the hundreds digit of 3904002?
0
What is the hundred millions digit of 273993558?
2
What is the billions digit of 1034312478?
1
What is the tens digit of 548059928?
2
What is the thousands digit of 353064923?
4
What is the units digit of 32904303?
3
What is the units digit of 31395004?
4
What is the hundreds digit of 238032790?
7
What is the tens digit of 22519601?
0
What is the ten millions digit of 1394633169?
9
What is the millions digit of 2980192869?
0
What is the tens digit of 231818401?
0
What is the hundred millions digit of 829454541?
8
What is the hundred millions digit of 323442643?
3
What is the units digit of 2111370109?
9
What is the thousands digit of 901676951?
6
What is the tens digit of 1176733693?
9
What is the tens digit of 9213357?
5
What is the hundred thousands digit of 1282485036?
4
What is the ten millions digit of 6302543467?
0
What is the millions digit of 61180982?
1
What is the hundred thousands digit of 1251293053?
2
What is the ten millions digit of 274534500?
7
What is the hundred thousands digit of 129924747?
9
What is the billions digit of 2480472804?
2
What is the hundreds digit of 16098507?
5
What is the ten millions digit of 30593109?
3
What is the hundred thousands digit of 4920340066?
3
What is the thousands digit of 3791067602?
7
What is the units digit of 2439543714?
4
What is the hundreds digit of 235301720?
7
What is the thousands digit of 30306539?
6
What is the hundred thousands digit of 46859043?
8
What is the ten thousands digit of 462107476?
0
What is the thousands digit of 958835844?
5
What is the billions digit of 1716855892?
1
What is the hundred thousands digit of 227805752?
8
What is the hundred thousands digit of 4262331762?
3
What is the millions digit of 495358455?
5
What is the ten millions digit of 1912623366?
1
What is the thousands digit of 1576871067?
1
What is the thousands digit of 3670364048?
4
What is the ten millions digit of 5052899197?
5
What is the thousands digit of 4465608?
5
What is the tens digit of 97752651?
5
What is the ten millions digit of 150370967?
5
What is the thousands digit of 149264430?
4
What is the millions digit of 52798713?
2
What is the hundred thousands digit of 311341802?
3
What is the millions digit of 133846562?
3
What is the ten millions digit of 3459978918?
5
What is the hundred thousands digit of 218399324?
3
What is the tens digit of 163629899?
9
What is the hundred millions digit of 4294043075?
2
What is the millions digit of 42781956?
2
What is the hundreds digit of 1143896146?
1
What is the ten thousands digit of 16247960?
4
What is the ten millions digit of 2507594457?
0
What is the millions digit of 18435511?
8
What is the ten thousands digit of 45301633?
0
What is the millions digit of 6761460740?
1
What is the ten millions digit of 67598867?
6
What is the ten millions digit of 19300441?
1
What is the tens digit of 59803121?
2
What is the millions digit of 16982875?
6
What is the hundred thousands digit of 4913376288?
3
What is the hundred thousands digit of 17217374?
2
What is the billions digit of 1144974587?
1
What is the hundred millions digit of 824371417?
8
What is the tens dig